?
-150
Let a(x) = -4*x**3 - 19*x**2 - 26*x - 6. Calculate a(-1).
5
Let f(v) = -84*v + 680. What is f(8)?
8
Let a(x) = -2*x**3 + 54*x**2 + 61*x + 177. Determine a(28).
317
Let q(f) = -6*f**2 - 76*f + 3. Calculate q(-12).
51
Let s(b) = 30*b + 62. Determine s(-7).
-148
Let p(k) = 2*k**3 - 12*k**2 + 38*k - 186. Give p(6).
42
Let o(f) = 718*f + 22258. What is o(-31)?
0
Let h(f) = 151*f + 174. Determine h(-3).
-279
Let k(f) = -2*f**2 + 25*f - 26. Determine k(3).
31
Let v(b) = -6*b**2 + 1377*b + 697. What is v(230)?
7
Let y(a) = a**3 + 16*a**2 + 63*a + 496. Determine y(-14).
6
Let l(g) = 1178*g + 8212. Give l(-7).
-34
Let b(q) = -q**2 - 913*q - 6343. What is b(-7)?
-1
Let d(u) = u**2 - 37*u + 341. What is d(20)?
1
Let n(t) = 9*t**2 + 589*t + 262. What is n(-65)?
2
Let r(a) = 13*a + 83. Calculate r(-5).
18
Let v(s) = -3*s**3 + 10*s**2 + s - 35. What is v(4)?
-63
Let x(r) = 3*r**2 - 24*r - 180. Give x(-5).
15
Let u(a) = 3*a**2 + 164*a - 170. Calculate u(-50).
-870
Let x(z) = z**2 - 33*z - 232. Calculate x(24).
-448
Let y(q) = -2*q**2 - 89*q - 149. Calculate y(-43).
-20
Let b(m) = 8*m**2 + 645*m + 5. Give b(0).
5
Let f(p) = -p**3 + 35*p**2 - 34*p - 22. Give f(34).
-22
Let x(c) = -c**2 + 17*c + 325. Give x(30).
-65
Let h(s) = 19*s - 192. What is h(8)?
-40
Let d(s) = -s**3 - 272*s**2 - 7260*s + 6. What is d(-242)?
6
Let d(t) = t**2 - 28*t + 66. Calculate d(20).
-94
Let w(x) = -x**3 + 18*x**2 + 92*x + 13. What is w(-4)?
-3
Let x(c) = -1207*c - 8457. What is x(-7)?
-8
Let f(r) = -r**2 + 6*r + 12. Determine f(7).
5
Let r(c) = c**3 - 40*c**2 - 86*c + 536. Give r(42).
452
Let v(o) = o**3 + 11*o**2 + 36*o + 8. What is v(-8)?
-88
Let r(q) = 3*q**2 - 50*q - 100. Calculate r(19).
33
Let c(n) = -n**3 - 4*n**2 - 10. Calculate c(4).
-138
Let u(b) = -b**3 + 10*b**2 + 21*b - 66. Calculate u(10).
144
Let m(g) = 4*g**3 + 210*g**2 - 85*g + 1112. Determine m(-53).
-1
Let x(j) = 3*j**2 + 134*j + 1206. Determine x(-32).
-10
Let u(k) = 162*k + 490. Give u(-3).
4
Let w(l) = -2*l**3 - 95*l**2 + 47*l + 9. Calculate w(-48).
57
Let u(x) = 2*x**3 + 254*x**2 - 410*x + 13667. What is u(-129)?
-7
Let t(q) = q**3 - 8*q**2 - 23*q + 140. Calculate t(9).
14
Let v(p) = -56*p**2 + 1170*p + 123. Calculate v(21).
-3
Let i(r) = 2*r**2 - 62*r + 508. What is i(15)?
28
Let v(m) = m**3 - 22*m**2 - 31*m - 421. What is v(24)?
-13
Let b(v) = -2*v**2 - 7*v - 42. Give b(16).
-666
Let d(x) = 2*x**3 + 37*x**2 - 110*x. Determine d(-21).
105
Let c(y) = 5*y**2 + 610*y - 633. Calculate c(-123).
-18
Let l(h) = -8*h - 348. Determine l(-78).
276
Let g(u) = 3*u**2 - 27*u - 855. Give g(-13).
3
Let q(y) = 37*y + 2682. Calculate q(-73).
-19
Let r(u) = u**3 + u**2 - 20*u + 20. Give r(7).
272
Let l(r) = 13*r + 158. Give l(-8).
54
Let w(x) = -663*x + 1346. Give w(3).
-643
Let t(y) = -y**2 + 111*y + 2342. Calculate t(-24).
-898
Let n(l) = 2*l**3 - 10*l**2 - 28*l - 1. Calculate n(7).
-1
Let v(x) = -2*x**3 - 26*x**2 + 12*x - 3. Give v(-13).
-159
Let y(b) = b**3 - 10*b**2 - 19*b + 142. What is y(11)?
54
Let a(o) = 51*o - 1172. What is a(23)?
1
Let c(t) = 4*t**3 + 5*t + 9. Determine c(-3).
-114
Let o(v) = 4*v**2 + 21*v - 145. Determine o(-9).
-10
Let y(b) = -118*b**3 - b**2 - 11*b + 10. Determine y(1).
-120
Let q(t) = 26*t - 38. Determine q(6).
118
Let n(b) = -116*b + 32. What is n(-3)?
380
Let r(q) = -2*q + 33. Give r(17).
-1
Let c(w) = -2*w**3 + 152*w**2 + 146*w + 631. Calculate c(77).
15
Let h(l) = -l**2 + 8*l - 56. Calculate h(22).
-364
Let i(v) = -v**2 - 51*v - 408. Give i(-10).
2
Let z(f) = -3*f**3 - 20*f**2 - 43*f + 5. Determine z(-3).
35
Let l(x) = -39*x + 1720. What is l(44)?
4
Let g(r) = -r**3 - 9*r**2 + 67*r + 606. What is g(-9)?
3
Let n(z) = 195*z - 2339. What is n(12)?
1
Let j(c) = -c**2 - 57*c + 42. What is j(-58)?
-16
Let s(r) = r**3 - 18*r**2 + 48*r - 1. What is s(3)?
8
Let d(s) = -13*s**2 - 35*s - 50. Determine d(-2).
-32
Let w(i) = 130*i + 4007. Give w(-31).
-23
Let n(o) = o**2 - 53*o - 113. What is n(55)?
-3
Let w(d) = d**3 + 5*d**2 - 4*d + 7. Calculate w(-6).
-5
Let k(r) = -r - 3. What is k(14)?
-17
Let c(m) = -16*m**2 - 230*m - 67. Determine c(-14).
17
Let s(p) = p**3 - 3*p**2 + 479*p - 1943. Calculate s(4).
-11
Let z(l) = -2*l**2 + 38*l + 425. Determine z(27).
-7
Let b(r) = -2*r**2 - 411*r + 595. Give b(-207).
-26
Let a(m) = m**2 + 905*m + 7176. Calculate a(-8).
0
Let d(k) = -50*k**2 + 177*k + 11. Give d(2).
165
Let n(y) = 4*y**2 - 84*y - 37. Calculate n(21).
-37
Let r(n) = 77*n**2 + 1997*n - 1998. Determine r(1).
76
Let i(n) = n**3 + 71*n + 780. Calculate i(-9).
-588
Let w(y) = -y**2 + 18*y + 63. Give w(22).
-25
Let p(i) = -5*i - 64. Give p(-20).
36
Let t(d) = -1159*d + 18549. Determine t(16).
5
Let f(v) = -12*v**3 - 96*v**2 - 19. Calculate f(-8).
-19
Let u(t) = -4*t**2 + 279*t - 200. Determine u(69).
7
Let d(z) = -z**2 + 84*z + 401. Calculate d(91).
-236
Let a(k) = 60*k**2 - 2*k + 6. What is a(2)?
242
Let u(b) = -374*b + 66200. Give u(177).
2
Let j(f) = 40*f - 1097. Calculate j(27).
-17
Let c(s) = 6*s**2 - 229*s + 28. Determine c(38).
-10
Let f(o) = -3*o**3 + o**2 - 3*o - 11. Calculate f(-2).
23
Let a(m) = 2*m**2 + 31*m - 11. Determine a(-16).
5
Let y(a) = 58*a + 350. Determine y(-5).
60
Let f(h) = -5*h**2 + 68*h + 22. Calculate f(12).
118
Let l(u) = u**2 - 93*u + 839. What is l(10)?
9
Let n(b) = b**2 + 2*b - 54. Calculate n(6).
-6
Let c(f) = f**3 - 30*f**2 + 207*f + 20. Calculate c(11).
-2
Let y(k) = k**2 - 5*k - 49. What is y(-8)?
55
Let y(q) = -q**3 - 42*q**2 - 247*q + 148. Give y(-35).
218
Let l(a) = 6*a**2 - 7*a - 23. Calculate l(-7).
320
Let s(h) = 13*h**2 + 52*h + 2. What is s(-4)?
2
Let w(s) = 3*s + 61. Determine w(-42).
-65
Let l(d) = d**3 + 8*d**2 - 279*d - 782. What is l(-20)?
-2
Let b(t) = -5*t**2 + 293*t - 2952. Determine b(10).
-522
Let y(d) = 2*d**3 - d**2 - 385*d - 35. Give y(0).
-35
Let s(z) = -2*z**3 - 71*z**2 - 628*z - 163. Calculate s(-20).
-3
Let p(m) = 14*m**3 - 151*m**2 + 11*m + 2. What is p(11)?
486
Let h(u) = -68*u - 412. Give h(-7).
64
Let h(w) = -4*w - 113. Give h(8).
-145
Let p(h) = -h**3 + 78*h**2 - 228*h + 220. Give p(75).
-5
Let a(z) = 109*z**2 - 867*z - 58. Calculate a(8).
-18
Let y(b) = -1955*b - 21539. Determine y(-11).
-34
Let b(p) = -61*p + 429. Calculate b(7).
2
Let b(z) = 201*z + 3208. Give b(-16).
-8
Let h(g) = 36*g**3 + 217*g**2 - 18*g - 138. What is h(-6)?
6
Let l(u) = u**2 + 45*u + 414. Determine l(-15).
-36
Let c(w) = -7*w**3 - 50*w**2 - 5*w - 3. Give c(-6).
-261
Let a(r) = -20*r**2 + 66*r - 6. What is a(3)?
12
Let v(i) = 40*i**2 - 13*i - 28. Calculate v(-2).
158
Let w(k) = -k**3 - 21*k**2 + 82*k + 263. Determine w(-24).
23
Let s(b) = 2*b**3 - 3*b**2 - 13*b + 8. What is s(-4)?
-116
Let q(w) = 260*w - 1562. What is q(6)?
-2
Let g(p) = -475*p - 22794. Give g(-48).
6
Let x(n) = 2*n**2 - 17*n + 32. Calculate x(4).
-4
Let d(i) = -24*i - 128. Determine d(-5).
-8
Let m(l) = 137*l + 534. Determine m(-4).
-14
Let r(j) = -4155*j + 62287. What is r(15)?
-38
Let z(w) = -w**3 - 28*w**2 - 81*w - 143. Calculate z(-25).
7
Let k(j) = 34493*j + 68987. Determine k(-2).
1
Let y(q) = 73*q + 225. Calculate y(-3).
6
Let x(o) = -138*o**2 - 132*o - 1. Calculate x(-1).
-7
Let z(s) = 5*s**2 + 222*s + 94. Determine z(-44).
6
Let m(n) = 6*n**2 + 923*n - 140. Calculate m(-154).
14
Let c(d) = -d**3 - 3*d**2 + 4*d - 1. Give c(1).
-1
Let x(w) = w**3 + 6*w**2 + 395*w + 1949. Give x(-5).
-1
Let t(l) = l**3 + 39*l**2 + 39*l - 93. What is t(-38)?
-131
Let g(o) = -353*o + 7696. Give g(22).
-70
Let c(p) = 128*p + 400. Determine c(-3).
16
Let j(u) = -u**2 + 252*u - 5673. Give j(25).
2
Let s(i) = -109*i + 29432. Calculate s(270).
2
Let n(o) = 2*o**2 + 189*o + 282. Determine n(-93).
3
Let k(b) = -b**2 + 272*b - 2877. Give k(11).
-6
Let y(l) = 4*l**2 + 14*l - 914. What is y(-17)?
4
Let i(o) = o**3 + 17*o**2 - 45*o - 37. Calculate i(-19).
96
Let r(d) = 20*d**3 + 44*d**2 - 11*d - 6. Determine r(3).
897
Let b(x) = -640*x + 3219. Calculate b(5).
19
Let j(l) = -l**2 - 518*l - 5078. Give j(-10).
2
Let w(r) = r**3 + 4*r**2 - 48*r - 6. Calculate w(-6).
210
Let m(i) = 52*i + 1557. Determine m(-31).
-55
Let v(b) = -b**3 + 103*b**2 - 296*b - 408. Give v(100).
-8
Let h(r) = r**3 - 8*r**2 + 3*r - 16. Calculate h(5).
-76
Let d(x) = -104*x + 823. Determine d(8).
-9
Let q(x) = -234*x - 2804. Give q(-12).
4
Let